 d**2 + 8 + 9 + 0 + 7*d - 25. Calculate l(y).
-14
Let x be (0 - -4) + 1 + -1. Suppose 9 + 0 = 3*n. Suppose -n*r + 8 = -x. Let i(j) = -j + 3. Determine i(r).
-1
Let f(m) = 3*m**3 - 45*m**2 + 40*m - 35. Let z(g) = -4*g**3 + 67*g**2 - 60*g + 52. Let w(p) = 7*f(p) + 5*z(p). Give w(-21).
-6
Let b(q) = -2 - 5*q**2 + 4 + 1 + 3*q**2 + 2*q. Suppose -2*g + 5*g + 7 = u, 4*u + 3*g = -17. Determine b(u).
-9
Let k(f) = -f**3 + 8*f**2 - 7*f + 3. Let r = -15 - -15. Suppose r = w - 2*h - 17, 4*h + 21 = w - 6. Give k(w).
3
Let w(p) = 10*p**2 + 2*p - 5. Let y(x) = -14 + 33*x**2 - 4*x**2 + 6*x + 0*x**2. Let q be 9/(-21) - 1160/70. Let f(o) = q*w(o) + 6*y(o). Calculate f(-2).
13
Let m(p) = 12*p - 3. Let w(k) = -5*k + 1. Let t(z) = 3*m(z) + 7*w(z). Calculate t(-5).
-7
Let d(p) = p**3 - 7*p**2 + 11*p - 6. Let b be 30/70 + (-75)/(-21). What is d(b)?
-10
Let n(i) = 37*i**2 - 2*i - 11. Let b(h) = -25*h**2 + h + 7. Let l(m) = -8*b(m) - 5*n(m). Let t = 735 - 734. Give l(t).
16
Let i(x) = 7*x + 3. Let o(y) = 2*y + 1. Let r(t) = -i(t) + 3*o(t). Let u be (-2)/(-3) - (-3)/9. Give r(u).
-1
Let d(b) be the second derivative of -b**3/6 - b. Suppose -2*q + 22 = -4*p + 16, -5*q + p = -33. Calculate d(q).
-7
Let k(x) = -2*x**3 - x**2 - 2. Let o be (10/3)/(8/12). Suppose -4*u = 4*c - 3 - 9, o*c - u + 9 = 0. Let z be 1/2*(c + -3). Determine k(z).
10
Let w be 4/(-14) - (-128)/7. Let c = w - 9. Let z be 12/(-4)*6/c. Let v(j) = 2*j**2. Give v(z).
8
Let r(o) be the third derivative of 2/3*o**3 + 0 - 12*o**2 - 1/12*o**4 + 0*o. Calculate r(3).
-2
Let u(n) = 3*n**2 - 9*n + 4. Let w(f) = 3*f + 30. Let r be w(-9). Let i(y) = -2*y**2 + 9*y - 3. Let l(j) = r*u(j) + 4*i(j). Determine l(-6).
-18
Let o(q) = -2*q - q - 4*q - 3. Let j(r) = r**3 - 7*r**2 - 21*r + 25. Let u be j(9). Give o(u).
11
Let b(r) = r**3 - 7*r**2 + 10*r - 9. Let k(s) = -s**2 - 7*s - 6. Let v be k(-2). Suppose q = -4 - 0, -5*i + 46 = -v*q. Calculate b(i).
15
Let k(b) be the first derivative of -b**3/3 - 7*b - 126. Let c = 0 - 0. Let d = c - 0. What is k(d)?
-7
Let k(w) be the third derivative of -w**5/60 + 11*w**4/24 - w**3/2 + w**2. Let s(h) = -2*h**2 + 21*h - 5. Let y(v) = 5*k(v) - 3*s(v). What is y(8)?
0
Let s = -11 + 6. Suppose -3*b + 6 = 9. Let f(g) = -3*g**2 - 7*g + 4. Let w(l) = l**2 + l - 1. Let o(u) = b*f(u) - 2*w(u). Calculate o(s).
-2
Let c(a) = -a**2 + 7*a - 6. Let p be c(6). Let k(l) = -l + 0*l - 5 + 3 + p*l. Give k(2).
-4
Let y(k) be the second derivative of -7*k**3/3 + k**2/2 + 15*k. Let x(c) = 6*c - 29. Let z be x(5). Calculate y(z).
-13
Let j(m) = -4*m + 17. Let n(z) = -z**2 - 17*z + 96. Let o be n(-21). What is j(o)?
-31
Let s be (12/5)/((-6)/(-20)). Let l(p) be the first derivative of -32 - 1/3*p**3 + 7/2*p**2 + 9*p. Give l(s).
1
Let i(k) = -49*k - 1 + 24*k + 22*k. What is i(-2)?
5
Let n(c) = -33 - 36 - 47 + c + 0*c + 132. Calculate n(14).
30
Let p(x) = x. Suppose 0 = 2*y + 10, 15 = 3*r - y + 4*y. Let j = r + -4. Suppose 3*h + j = -9. Give p(h).
-5
Let a(t) be the first derivative of -6 - t + 1/2*t**2. What is a(-5)?
-6
Suppose 2*q + 18 = 5*d, 4*d - 3*q = 11 + 9. Let v(f) = 8*f**3 + f**2 + 29*f + 6. Let i(p) = 3*p**3 + 11*p + 3. Let z(m) = -5*i(m) + 2*v(m). Calculate z(d).
19
Suppose -185*a = -187*a - 24. Let b(h) = -h - 17. What is b(a)?
-5
Let d be 30/(-10) - 4*-2. Let r(o) be the second derivative of -o**5/20 + o**4/3 + 3*o**2 - 5*o - 2. Calculate r(d).
-19
Let p(f) = f + 7. Let s be p(-6). Let b(y) = -3*y**2 - 2*y + y - 2*y**3 + 0*y + y**3 + s. Suppose 0 = -6*a + 4*a - 3*x, -5*a - 2*x - 11 = 0. Give b(a).
4
Let h(k) = -5*k + 26. Let m(g) = g - 6. Let r(t) = -2*h(t) - 9*m(t). What is r(-4)?
-2
Let h(q) be the third derivative of -q**5/120 + q**4/6 + 8*q**3/3 - 12*q**2. Let z(l) be the first derivative of h(l). Suppose 2*m = -0*m + 12. Determine z(m).
-2
Let o(j) = -j. Let m be 4/(-18) - 38/(-9). Suppose z = 3*d + 12, m*d + 3 = z - 14. Give o(z).
3
Let c(k) = 10*k - 2. Let q(m) = m. Let i(d) = -c(d) + 8*q(d). Let z(r) = 71*r - 75. Let n be z(1). What is i(n)?
10
Let p(l) = -5*l**3 - 529*l**2 + 1054*l**2 + 2*l - 528*l**2. Give p(1).
-6
Let n(m) = m**2 - 7*m - 1. Suppose -4*s - 18 = 2*q, -3*q + 5*s + 22 = -5*q. Let l be q/(40/(-35) + 1). Determine n(l).
-1
Let z be 11/77 - (41/(-7) - 5). Let d(n) = 5*n + 1. What is d(z)?
56
Let j = 112 + -119. Let r(h) = 2*h**3 + 3*h**2 - 3*h - 6. Let n(u) = -5*u**3 - 7*u**2 + 7*u + 12. Let b(t) = j*r(t) - 3*n(t). What is b(0)?
6
Let g(w) = -3*w**2 + 10*w + 22. Let i be g(-2). Let h(c) = 2*c + 15. Give h(i).
-5
Suppose 79*s - 80*s = 5. Let q(t) = -2*t**3 + 6*t + 4*t**3 - t**3 + 6*t**2 + 3 + 0*t**3. Calculate q(s).
-2
Let u(n) = n**3 - 5*n**2 + 4*n + 5. Suppose -5*h = s - 29, 11 - 13 = 2*h - 3*s. Calculate u(h).
25
Let k(l) = -l**3 - 3*l**2 + 4*l + 7. Let g be k(-4). Let y(q) be the third derivative of q**4/12 - 5*q**3/3 - 44*q**2. What is y(g)?
4
Let b(t) = 3*t**3 - 2*t**2 + t. Let o = -60 - -40. Let n be (-1)/(-3)*(-2 - o). Let f be -2 - 4/(-8)*n. Give b(f).
2
Let p(k) = 2*k. Let s = -75 - -82. Give p(s).
14
Let b(w) = -w**3 + 10*w**2 + 2*w + 7. Let x(i) = -i**3 + 9*i**2 + i + 6. Let p(s) = -2*b(s) + 3*x(s). Determine p(7).
-3
Suppose -3 - 3 = b + 2*i, 0 = 3*i + 15. Suppose 4*a = -b + 12. Let k(j) = 11*j - 8. Let t(l) = 10*l - 7. Let p(f) = 4*k(f) - 5*t(f). Give p(a).
-9
Let c be -3*(3 + -7 + 4/2). Let u(y) = 4*y**2 - 6 + c*y**2 + 6*y - 9*y**2. Let m be 17/(-3) + (-2)/6. Calculate u(m).
-6
Let w(b) = -b**2 + 22*b + 27. Let r be 891/39 - 8/(-156)*3. Give w(r).
4
Let k(o) = o + 7. Let i(w) = 2*w - 3 - 6*w**2 + 2*w + 8 + w**3 + w. Let b be i(4). What is k(b)?
0
Let h(g) be the first derivative of -3*g**4/4 + 5*g**2/2 + 3*g - 45. Let s be h(-1). Let u(m) = 9*m**3 + m**2. What is u(s)?
10
Let z(l) = -l**2 + 10*l - 3. Let i(b) = -6*b**2 + 53*b - 14. Let x(v) = -2*i(v) + 11*z(v). Calculate x(-7).
16
Let m(u) = 3*u**2 - u + 12. Let d(x) = x**2 + x + 1. Let n(i) = -4*d(i) + m(i). Determine n(-6).
2
Let u(i) = -4*i - 11. Let g be -7*(-6)/105 + 27/(-5). Calculate u(g).
9
Suppose 0 = 519*x - 521*x + 6. Let a(i) = 3*i**2 + i**3 + 2 - 5*i + 0 - 4*i**2. Determine a(x).
5
Let f(k) = k - 7. Let q be (-12)/(-12)*(4 + 3). Calculate f(q).
0
Let i(o) = -o**3 - 50 + 29 + 7*o - 5*o**2 + 24. Give i(-6).
-3
Let p(y) = 1 + 7*y - 3*y**2 - 18*y + 5*y**2 + y + 4*y. Give p(4).
9
Let j = -657 - -652. Let a(k) be the first derivative of k**3/3 + 3*k**2 + 7*k - 3. Determine a(j).
2
Let o(h) = h**2 + h - 8. Let i be o(-4). Suppose 2*r = z - 8, 5*r - 4 = i*z - 24. Let x(k) = 4 - 2*k - 1 - 2 + z*k. What is x(4)?
-7
Let z be (2/(-3))/(36/270). Let v(n) = -n**3 - 5*n**2 - 1. Let s(o) = -2*o**3 - 10*o**2 - 2. Let x(m) = 3*s(m) - 5*v(m). Determine x(z).
-1
Let l(a) = -a**2 + 3*a + 1. Let v be 52/14 + (-2)/(-7). Let y be ((-70)/15)/(2/(-3)). Let w(j) = 2*j**2 - 5*j - 3. Let s(t) = v*w(t) + y*l(t). What is s(-4)?
7
Let s be -9 + (-4 - -17) + -4. Let q(x) be the second derivative of s - 1/6*x**3 - 2*x - x**2. Calculate q(0).
-2
Let m(x) = 11*x**3 + 2*x**2 + x - 3. Let d(i) = -32*i**3 - 6*i**2 - 3*i + 8. Let b(j) = -3*d(j) - 8*m(j). Calculate b(-1).
-7
Let r(z) be the second derivative of -z**4/2 - z**3/3 + z**2/2 - 25*z. Let c be (-4 + 2)*(-10)/20. What is r(c)?
-7
Let c(v) be the first derivative of -3*v**2/2 - 10*v - 225. Determine c(0).
-10
Let b(w) be the first derivative of -7*w**4/4 - w**3/3 + w**2/2 + w + 4. Suppose 40*v - 38*v + 2 = 0. Determine b(v).
6
Let v(r) = 9*r**2 - r. Let s = 595 + -596. Determine v(s).
10
Let r be -14 + 4 + (16 - 14). Let i(z) = 5*z + 31. Give i(r).
-9
Let m(i) = 2*i + 1. Let q(h) = -4*h - 2. Let j(w) = 5*m(w) + 3*q(w). Suppose 5*r + g + 4 = -2, -5 = r + 4*g. Calculate j(r).
1
Suppose -48*u = -231 - 201. Let h(q) = -2*q + 6. What is h(u)?
-12
Let u(v) = 6*v**2 - v + 1. Let y = 20 - 19. Let o be u(y). Let w(x) = -2*x + 5. What is w(o)?
-7
Suppose -45 = -4*l + 5*s, 2*l + 0*l = s + 21. Suppose 30*t + l = 28*t. Let o(z) = -z**2 - 3*z + 2. Determine o(t).
-8
Let c(p) be the second derivative of -p**7/2520 - p**6/720 + p**5/120 + p**4 + p. Let m(a) be the third derivative of c(a). Suppose -j = j + 6. Give m(j).
-5
Let s be 6/(-9)*(-3)/2. Let r(p) = -2*p + 6*p + 17*p + 5*p + 1 - 16*p. Determine r(s).
11
Suppose 47*y - 49*y = 4*i - 18, 3*i - 21 = -4*y. Let q(t) = 3*t**2 - 3*t - 2. Calc